What is the value of 1 - ((-11 - -12) + -1 + 2)?
-1
Evaluate -3 + (-4 - -3) + 12 + 2.
10
(4 - (-7 + 7)) + -7
-3
Evaluate 7 - (-2 + (6 - (-3 + 3))).
3
Evaluate 42 + -51 - (-14 + 2).
3
What is 2 + (-11 + -3 + 4 - -3)?
-5
What is the value of 2 + 1 + -2 - 5?
-4
What is the value of 1 + (-3 - (-1 - (-2 - -4)))?
1
1 - (4 - (-9 + 13))
1
-7 + -11 - (15 - 22)
-11
Calculate (-12 - -3) + 3 + 2.
-4
-24 - -17 - (0 - 6)
-1
What is the value of 4 + -4 + -3 + 4?
1
What is the value of 4 + (34 - 14) + -14?
10
(-1 - 1) + (-10 - -14) - 1
1
Evaluate 4 - (2 + 5) - 1 - 2.
-6
-3 + 11 + -8 + (0 - 0)
0
-18 + 23 + (-4 + 2 - 0)
3
-3 - -1 - -2 - (-1 + 2)
-1
What is 2 - ((-5 - 0) + 5) - 6?
-4
Evaluate -4 - (-7 - (-4 - (-4 - -4))).
-1
Calculate (-26 - (1 - 14)) + 3.
-10
3 + (-8 - 1) - (1 + -2)
-5
Evaluate -13 + 15 + (-1 - -1).
2
(-7 - 0) + -19 + (19 - 2)
-9
What is the value of 6 - (-3 + 5 - 1)?
5
-1 + -9 - (68 + -77)
-1
Calculate 1 - (0 + 3 + (6 - 5)).
-3
Evaluate -2 - (-5 + (8 - 1)) - 1.
-5
Evaluate (-12 - -8) + -1 + 1.
-4
Calculate -2 + 14 - (43 + -35).
4
Evaluate -44 - -44 - (1 + 1).
-2
-7 - (-8 + 4 + -1)
-2
Evaluate -1 - (-3 + (0 - 2 - -5)).
-1
5 + -2 + -5 - -5
3
What is the value of (1 - 1) + -2 - (68 - 66)?
-4
What is the value of -2 - -5 - (-10 + 22 + -4)?
-5
Calculate -5 + (6 - -4 - 0) - 7.
-2
Calculate 5 - (-2 + -2) - 5.
4
Evaluate 0 + 2 - (9 + 4 + -7).
-4
(2 - 0) + (-11 - -10)
1
What is 0 - (2 + 3 + -8 - -7)?
-4
What is the value of -1 - (-4 - (0 - 9))?
-6
Calculate 2 - (-3 - -3) - (13 + -10).
-1
Evaluate (3 - (9 + -6 + 0)) + 0.
0
-5 + 2 + (1 - -7)
5
Calculate -3 - ((-2 - -4) + -3).
-2
What is the value of (3 - (6 - 0)) + 3 + -7?
-7
Calculate (-1 - 2) + 1 + 4.
2
What is 6 + -12 - (0 + -5)?
-1
Evaluate -10 - (-4 + 6 + -15).
3
Calculate -1 + -4 + (2 - (-8 - -4)).
1
What is -1 - ((3 - 12) + 4) - 8?
-4
Calculate -5 - -3 - (1 - 2).
-1
Evaluate 7 + 0 + -12 + 8.
3
What is 8 - 3 - 16 - -4?
-7
Calculate (12 - 7 - 5) + -4.
-4
Evaluate (-20 - -9) + 7 + (11 - -1).
8
-1 + 0 + -3 + (4 - -2)
2
What is 17 + -33 - (-7 + 0)?
-9
-2 + 3 - 1 - 0
0
What is (4 - (-1 - -1)) + -2?
2
Evaluate 11 + -6 + 3 + -13.
-5
What is the value of -7 + 2 - (4 + -12 + 2)?
1
Evaluate 0 + 3 - (27 - 19).
-5
What is the value of 2 - (-3 + 10) - -6?
1
What is the value of 4 - (5 - 2) - -5?
6
What is the value of -5 + (16 - 13) + -7?
-9
-3 - (-7 + -1 + 2)
3
(1 - 7 - -6) + (1 - -3)
4
What is the value of (49 - 44) + -2 + -10 + 2?
-5
(8 - 7 - -4) + -7
-2
What is 85 + -97 - (-7 + -1)?
-4
Evaluate -1 + (-5 - -14 - (-1 + 5)).
4
Evaluate -4 + (-2 - -4) + 0 - -10.
8
Calculate -8 + -3 + 2 + (1 - -2).
-6
Evaluate 6 + -1 - 6 - (-6 + 0).
5
What is -4 + 0 - (-3 - 0)?
-1
5 - (0 + 3 + 0)
2
9 - (2 - 5) - (5 + 0)
7
Evaluate 4 - (9 + -2 - -4).
-7
What is -4 - -3 - (0 - -1)?
-2
Calculate 1 + -6 + -1 + 11.
5
-9 + (24 - (12 - 6)) - 20
-11
What is the value of -53 - -54 - (7 - 1)?
-5
Evaluate -11 + 13 + 0 + 2 + 0.
4
What is -3 + 1 - (0 - (-2 + 5))?
1
Calculate -1 - -2 - (-10 - -6).
5
Calculate 1 - -5 - (6 + -2).
2
(-15 - -11) + (3 - 2)
-3
Calculate (1 - (-2 - -1)) + 2.
4
-1 + 0 - (-59 + 60)
-2
Calculate -27 - -27 - (4 + 0).
-4
What is (13 - 18) + (0 - 1) - -1?
-5
Calculate -6 - (-1 + -6 + 2 - -7).
-8
What is 5 + 0 + -4 + 1?
2
What is the value of (-3 + -1 - (18 + -22)) + -1?
-1
What is the value of (5 - (8 - 6)) + 1?
4
(-16 - -9) + (5 - 2) - -12
8
What is the value of 6 + 0 + -1 + (-8 - -10)?
7
Evaluate (4 - -4) + 3 + -8.
3
-2 - (-5 - (-1 + (4 - 11)))
-5
What is 3 - 5 - (0 - (2 + 5))?
5
(0 - 0) + (-9 - 2 - -7)
-4
Evaluate 5 + (3 - 9) - (-11 + 3).
7
Evaluate (-9 - -10) + (-4 - 1 - -4).
0
Evaluate 15 + -14 - (2 - 6).
5
What is (0 - (-8 + 28)) + 12?
-8
What is the value of 5 + -11 - -1 - -3?
-2
What is the value of 13 - 8 - 0 - 7?
-2
Evaluate -6 - (4 - 8) - -5 - 1.
2
Calculate -17 + 25 - (-1 - -2).
7
0 + 4 + -1 - 8
-5
-5 - ((-7 - -2) + 2)
-2
Evaluate -2 + -4 + -5 + 8.
-3
What is 0 + (1 - -1) + 1?
3
Calculate 1 + 0 - 0 - (-27 - -21).
7
What is the value of -32 + 36 + 0 + -6 - -3?
1
Evaluate 6 + 2 + 2 + -7.
3
Evaluate (5 + 1 - 4) + -4.
-2
2 - (8 + -8 - (3 - 4))
1
What is 2 + (2 - -3) - (-42 - -58)?
-9
What is the value of -6 - (2 + -7 + -1 - -6)?
-6
What is -4 + -2 + 1 - 0?
-5
What is 2 - (5 + 0) - (2 + -4)?
-1
Calculate 3 + (2 - 1 - 4) - 5.
-5
What is 3 - (-8 + 16) - (-6 + 2)?
-1
-6 + (5 - -1 - 5)
-5
Calculate 6 + -4 + (-1 - -3).
4
Evaluate 5 - (-4 - 2 - -8).
3
Evaluate -2 - 0 - (65 + -66).
-1
-5 + 1 + 11 - (13 - -2)
-8
What is 0 + -7 + 8 + -2 - 8?
-9
Calculate -10 - (-14 + (14 - 9)).
-1
Evaluate -5 - -2 - 2 - (-17 + 17).
-5
What is the value of (-5 - 0) + (0 - -2)?
-3
Calculate 0 + (6 - 7 - 14) + 5.
-10
Evaluate -23 + 18 - (-9 + -1).
5
Evaluate -7 + 0 - (-6 - -1).
-2
What is the value of -2 + (13 - (-8 + 15)) - 1?
3
What is (-1 - 6) + 5 + -1 - -3?
0
What is the value of (-18 + 18 - (1 + 0)) + -2?
-3
What is the value of 6 + 2 + -14 + 9?
3
What is the value of -6 + 3 + -7 + 2 + 5?
-3
(-3 + 4 - (11 + -10)) + -4
-4
Evaluate (1 - -3 - 11) + 0 + 3.
-4
Evaluate -3 + 1 + 2 + -5.
-5
Evaluate 7 - 14 - (0 - (-1 - -11)).
3
What is the value of -17 - (41 + -35 + (-13 - 0))?
-10
Evaluate 29 - 27 - (2 + 0 - 2).
2
Evaluate (23 - 31) + (3 - 2).
-7
Evaluate 1 + 9 + -16 + -3.
-9
Evaluate 1 + -6 + (-1 + 0 - -9).
3
What is the value of -1 + 2 - -4 - (-16 + 21)?
0
Evaluate 2 + -3 - (-7 - -5) - 1.
0
What is 1 + -2 + (-20 - (6 + -20))?
-7
Calculate -3 - (0 - (8 - 4 - -5)).
6
(2 - 5 - 1) + (0 - -6)
2
What is 5 + 9 + -22 + 11?
3
What is (-4 + 4 - -2) + -4?
-2
Calculate 12 - 5 - ((1 - 1) + 3).
4
(-3 - -5 - 1 - 6) + 5
0
What is the value of 3 + (-8 - -4) + -1?
-2
What is the value of 4 + (-8 - (3 + -5))?
-2
What is -17 - (-28 - -3 - -12)?
-4
What is the value of -10 + ((-4 - -7) + -6 - -7)?
-6
What is 4 + -1 + -4 + -3 + -1?
-5
(-7 - 5) + 5 + 10
3
Evaluate -6 + -1 + (4 - (0 + 0)).
-3
-3 + 4 - (6 + -2) - 0
-3
Calculate 3 - (-1 - -8) - -3.
-1
Calculate 11 + -9 - (8 + -1).
-5
What is (0 + -5 - -3) + 4?
2
1 - (9 + -2 + 0 + -5)
-1
What is the value of 7 + -5 + (8 - 13)?
-3
Evaluate 1 - (3 - 5 - (-2 + -6)).
-5
What is (-5 - -6) + 2 + -4?
-1
What is the value of -9 + 1 + (-75 - -81)?
-2
What is the value of 6 + -5 + 4 - 1?
4
Evaluate (-3 - (1 + -9)) + -3.
2
What is the value of -8 + 3 + 16 + -8?
3
What is the value of 0 + (5 - (-1 + 2)) + 1?
5
What is the value of -2 + (1 - -2) + -9 + 4?
-4
What is -1 + (-1 - (-4 - (0 - 4)))?
-2
What is the value of 0 + 1 + (-1 - 3) + 3?
0
What is the value of 22 - 20 - (7 - (1 - 0))?
-4
What is -4 + 1 - (6 + (-12 - -6))?
-3
Evaluate 0 + (2 - -1) - 8 - 0.
-5
-2 + (1 - 3) + 3 + -3
-4
What is (1 - -1) + 9 + (9 - 14)?
6
Evaluate 6 - (5 - 7 - -11).
-3
Calculate (3 - (2 + 0)) + 0.
1
Calculate -3 + (2 - -3) + -6.
-4
Calculate -6 + 4 - (-3 + 3 - 6).
4
Calculate -2 + (-1 + 0 - 3).
-6
What is the value of (10 - (15 - 6)) + 1 + -5?
-3
What is -6 - ((3 - 6) + -2)?
-1
What is 4 + -15 + 8 + (7 - -2)?
6
Evaluate 14 + -20 - (1 + (0 - 3)).
-4
Calculate -12 - -5 - (-6 - -3).
-4
Evaluate 5 + -3 + (0 - -1 - 3).
0
What is the value of -5 + (0 + 8 - 4) + 1?
0
Calculate 2 + -1 - (-5 + -1 - -6).
1
Calculate 5 + (-4 - (3 + -3)).
1
(6 - 2) + 4 - 5
3
What is (-4 - -9 - 0 - 10) + 10?
5
What is the value of (-1 + 1 - 7) + (9 - 5)?
-3
-1 + -1 + (-12 - -11) + 5
2
What is the value of 1 + -1 + (-11 - -9)?
-2
Calculate 6 + 2 + (-3 - -4 - 6).
3
What is 1 + -7 + 0 + 3 - -1?
-2
What is the value of 1 - 7 - (2 + -6)?
-2
What is -4 - 2 - (-7 - (2 - 5))?
-2
Evaluate -8 + 4 - -3 - -4.
3
-4 - (2 + 3 + -1)
-8
What is the value of 0 + (-1 + -1 - 0) + -1?
-3
What is the value of -2 - (-1 + 0 + 0)?
-1
4 - (-8 - (4 - 3 - 11))
2
-5 + (2 - 2) + (-1 - -6)
0
What is (14 + -6 - 11) + 8?
5
What is the value of 123 + -126 - (-8 + -2)?
7
What is 7 - 5 - (9 - 2)?
-5
Calculate 0 + -1 - (20 - 23).
2
5 + 0 + (-9 - -3 - -2)
1
Evaluate (-10 - -9) + -13 + 0 + 7.
-7
What is the value of 2 + (-8 - -4) + -6?
-8
What is 2 - 0 - (1 - -9)?
-8
-4 - (-4 + -6 + 11 + -2)
-3
Calculate (-1 - -4) + -1 + 0 - -2.
4
What is -1 + -2 - (10 + -16)?
3
0 + (3 - 4) + -2 + 5
2
Evaluate (6 - (3 + -1)) + 1 - 2.
3
6 + 0 + 3 + -7
2
Calculate 1 + (4 - (-3 + 7)).
1
Evaluate -5 + (-4 - -1) + (-3 - -10).
-1
4 - 1 - (2 - (-3 - -4))
2
What is 13 + (-1 - 3) + -2?
7
What is the value of (14 + -15 - (1 - -1)) + 0?
-3
Ev